[INFO] fetching crate rustc-ap-serialize 662.0.0...
[INFO] checking rustc-ap-serialize-662.0.0 against try#72f88fc4e9458f89516a0b8b0868f3718aec5b47 for pr-74989
[INFO] extracting crate rustc-ap-serialize 662.0.0 into /workspace/builds/worker-7/source
[INFO] validating manifest of crates.io crate rustc-ap-serialize 662.0.0 on toolchain 72f88fc4e9458f89516a0b8b0868f3718aec5b47
[INFO] running `Command { std: "/workspace/cargo-home/bin/cargo" "+72f88fc4e9458f89516a0b8b0868f3718aec5b47" "read-manifest" "--manifest-path" "Cargo.toml", kill_on_drop: false }`
[INFO] started tweaking crates.io crate rustc-ap-serialize 662.0.0
[INFO] finished tweaking crates.io crate rustc-ap-serialize 662.0.0
[INFO] tweaked toml for crates.io crate rustc-ap-serialize 662.0.0 written to /workspace/builds/worker-7/source/Cargo.toml
[INFO] running `Command { std: "/workspace/cargo-home/bin/cargo" "+72f88fc4e9458f89516a0b8b0868f3718aec5b47" "generate-lockfile" "--manifest-path" "Cargo.toml" "-Zno-index-update", kill_on_drop: false }`
[INFO] running `Command { std: "/workspace/cargo-home/bin/cargo" "+72f88fc4e9458f89516a0b8b0868f3718aec5b47" "fetch" "--locked" "--manifest-path" "Cargo.toml", kill_on_drop: false }`
[INFO] running `Command { std: "docker" "create" "-v" "/var/lib/crater-agent-workspace/builds/worker-7/target:/opt/rustwide/target:rw,Z" "-v" "/var/lib/crater-agent-workspace/builds/worker-7/source:/opt/rustwide/workdir:ro,Z" "-v" "/var/lib/crater-agent-workspace/cargo-home:/opt/rustwide/cargo-home:ro,Z" "-v" "/var/lib/crater-agent-workspace/rustup-home:/opt/rustwide/rustup-home:ro,Z" "-e" "SOURCE_DIR=/opt/rustwide/workdir" "-e" "CARGO_TARGET_DIR=/opt/rustwide/target" "-e" "CARGO_HOME=/opt/rustwide/cargo-home" "-e" "RUSTUP_HOME=/opt/rustwide/rustup-home" "-w" "/opt/rustwide/workdir" "-m" "1610612736" "--user" "0:0" "--network" "none" "rustops/crates-build-env@sha256:d92eaeed33fa75130ca1ee6c8a01d1ffb62bac859dfdfb3450e3e5d1c0146529" "/opt/rustwide/cargo-home/bin/cargo" "+72f88fc4e9458f89516a0b8b0868f3718aec5b47" "metadata" "--no-deps" "--format-version=1", kill_on_drop: false }`
[INFO] [stdout] b6e90fcf79ad90d0af586d7a5bc975a9b2471357c6ea2d2c76b6776ce0110d56
[INFO] [stderr] WARNING: Your kernel does not support swap limit capabilities or the cgroup is not mounted. Memory limited without swap.
[INFO] running `Command { std: "docker" "start" "-a" "b6e90fcf79ad90d0af586d7a5bc975a9b2471357c6ea2d2c76b6776ce0110d56", kill_on_drop: false }`
[INFO] running `Command { std: "docker" "inspect" "b6e90fcf79ad90d0af586d7a5bc975a9b2471357c6ea2d2c76b6776ce0110d56", kill_on_drop: false }`
[INFO] running `Command { std: "docker" "rm" "-f" "b6e90fcf79ad90d0af586d7a5bc975a9b2471357c6ea2d2c76b6776ce0110d56", kill_on_drop: false }`
[INFO] [stdout] b6e90fcf79ad90d0af586d7a5bc975a9b2471357c6ea2d2c76b6776ce0110d56
[INFO] running `Command { std: "docker" "create" "-v" "/var/lib/crater-agent-workspace/builds/worker-7/target:/opt/rustwide/target:rw,Z" "-v" "/var/lib/crater-agent-workspace/builds/worker-7/source:/opt/rustwide/workdir:ro,Z" "-v" "/var/lib/crater-agent-workspace/cargo-home:/opt/rustwide/cargo-home:ro,Z" "-v" "/var/lib/crater-agent-workspace/rustup-home:/opt/rustwide/rustup-home:ro,Z" "-e" "SOURCE_DIR=/opt/rustwide/workdir" "-e" "CARGO_TARGET_DIR=/opt/rustwide/target" "-e" "CARGO_INCREMENTAL=0" "-e" "RUST_BACKTRACE=full" "-e" "RUSTFLAGS=--cap-lints=forbid" "-e" "CARGO_HOME=/opt/rustwide/cargo-home" "-e" "RUSTUP_HOME=/opt/rustwide/rustup-home" "-w" "/opt/rustwide/workdir" "-m" "1610612736" "--user" "0:0" "--network" "none" "rustops/crates-build-env@sha256:d92eaeed33fa75130ca1ee6c8a01d1ffb62bac859dfdfb3450e3e5d1c0146529" "/opt/rustwide/cargo-home/bin/cargo" "+72f88fc4e9458f89516a0b8b0868f3718aec5b47" "check" "--frozen" "--all" "--all-targets" "--message-format=json", kill_on_drop: false }`
[INFO] [stdout] 6015952f5d769ff4da8e9df279cb30249f2ef2a40c4c57438295feb50da81c0d
[INFO] [stderr] WARNING: Your kernel does not support swap limit capabilities or the cgroup is not mounted. Memory limited without swap.
[INFO] running `Command { std: "docker" "start" "-a" "6015952f5d769ff4da8e9df279cb30249f2ef2a40c4c57438295feb50da81c0d", kill_on_drop: false }`
[INFO] [stderr]    Compiling autocfg v1.0.1
[INFO] [stderr]     Checking smallvec v1.4.2
[INFO] [stderr]    Compiling indexmap v1.6.0
[INFO] [stderr]     Checking rustc-ap-serialize v662.0.0 (/opt/rustwide/workdir)
[INFO] [stdout] warning: the feature `specialization` is incomplete and may not be safe to use and/or cause compiler crashes
[INFO] [stdout]   --> lib.rs:13:12
[INFO] [stdout]    |
[INFO] [stdout] 13 | #![feature(specialization)] // FIXME: min_specialization does not work
[INFO] [stdout]    |            ^^^^^^^^^^^^^^
[INFO] [stdout]    |
[INFO] [stdout]    = note: `#[warn(incomplete_features)]` on by default
[INFO] [stdout]    = note: see issue #31844 <https://github.com/rust-lang/rust/issues/31844> for more information
[INFO] [stdout] 
[INFO] [stdout] 
[INFO] [stdout] warning: the feature `specialization` is incomplete and may not be safe to use and/or cause compiler crashes
[INFO] [stdout]   --> lib.rs:13:12
[INFO] [stdout]    |
[INFO] [stdout] 13 | #![feature(specialization)] // FIXME: min_specialization does not work
[INFO] [stdout]    |            ^^^^^^^^^^^^^^
[INFO] [stdout]    |
[INFO] [stdout]    = note: `#[warn(incomplete_features)]` on by default
[INFO] [stdout]    = note: see issue #31844 <https://github.com/rust-lang/rust/issues/31844> for more information
[INFO] [stdout] 
[INFO] [stdout] 
[INFO] [stdout] warning: 1 warning emitted
[INFO] [stdout] 
[INFO] [stdout] 
[INFO] [stdout] warning: 1 warning emitted
[INFO] [stdout] 
[INFO] [stdout] 
[INFO] [stdout] error[E0463]: can't find crate for `serialize`
[INFO] [stdout]  --> tests/json.rs:3:1
[INFO] [stdout]   |
[INFO] [stdout] 3 | extern crate serialize as rustc_serialize;
[INFO] [stdout]   | ^^^^^^^^^^^^^^^^^^^^^^^^^^^^^^^^^^^^^^^^^^ can't find crate
[INFO] [stdout] 
[INFO] [stdout] 
[INFO] [stdout] error: aborting due to previous error
[INFO] [stdout] 
[INFO] [stdout] 
[INFO] [stdout] For more information about this error, try `rustc --explain E0463`.
[INFO] [stdout] 
[INFO] [stderr] error: could not compile `rustc-ap-serialize`.
[INFO] [stderr] 
[INFO] [stderr] To learn more, run the command again with --verbose.
[INFO] [stderr] warning: build failed, waiting for other jobs to finish...
[INFO] [stdout] error[E0463]: can't find crate for `serialize`
[INFO] [stdout]  --> tests/opaque.rs:3:1
[INFO] [stdout]   |
[INFO] [stdout] 3 | extern crate serialize as rustc_serialize;
[INFO] [stdout]   | ^^^^^^^^^^^^^^^^^^^^^^^^^^^^^^^^^^^^^^^^^^ can't find crate
[INFO] [stdout] 
[INFO] [stdout] 
[INFO] [stdout] error: aborting due to previous error
[INFO] [stdout] 
[INFO] [stdout] 
[INFO] [stdout] For more information about this error, try `rustc --explain E0463`.
[INFO] [stdout] 
[INFO] [stdout] error[E0463]: can't find crate for `serialize`
[INFO] [stdout]  --> tests/leb128.rs:1:1
[INFO] [stdout]   |
[INFO] [stdout] 1 | extern crate serialize as rustc_serialize;
[INFO] [stdout]   | ^^^^^^^^^^^^^^^^^^^^^^^^^^^^^^^^^^^^^^^^^^ can't find crate
[INFO] [stdout] 
[INFO] [stdout] 
[INFO] [stderr] error: build failed
[INFO] [stdout] error: aborting due to previous error
[INFO] [stdout] 
[INFO] [stdout] 
[INFO] [stdout] For more information about this error, try `rustc --explain E0463`.
[INFO] [stdout] 
[INFO] running `Command { std: "docker" "inspect" "6015952f5d769ff4da8e9df279cb30249f2ef2a40c4c57438295feb50da81c0d", kill_on_drop: false }`
[INFO] running `Command { std: "docker" "rm" "-f" "6015952f5d769ff4da8e9df279cb30249f2ef2a40c4c57438295feb50da81c0d", kill_on_drop: false }`
[INFO] [stdout] 6015952f5d769ff4da8e9df279cb30249f2ef2a40c4c57438295feb50da81c0d
